9060623?
43, 491, 3271
What are the prime factors of 42334386?
2, 3, 17, 41, 53, 191
What are the prime factors of 35849462?
2, 11, 59, 71, 389
What are the prime factors of 1563417261?
3, 7, 19, 435371
What are the prime factors of 1202097430?
2, 5, 1439, 83537
List the prime factors of 2720817904.
2, 7, 17, 204143
List the prime factors of 7313477408.
2, 7621, 29989
What are the prime factors of 52829087?
157, 336491
List the prime factors of 121253897.
229, 283, 1871
What are the prime factors of 1935053433?
3, 215005937
What are the prime factors of 48618689?
7, 6945527
List the prime factors of 25097006.
2, 11, 29, 139, 283
List the prime factors of 250046644.
2, 1571, 39791
What are the prime factors of 64309830?
2, 3, 5, 13, 269, 613
What are the prime factors of 693182322?
2, 3, 7, 785921
What are the prime factors of 1584030998?
2, 11, 17, 4235377
What are the prime factors of 1338587991?
3, 13, 293357
What are the prime factors of 3027887689?
97, 31215337
List the prime factors of 3997787007.
3, 32413, 41113
What are the prime factors of 251952092?
2, 7, 37, 243197
List the prime factors of 445529311.
445529311
List the prime factors of 915824456.
2, 71, 593, 2719
List the prime factors of 238344137.
238344137
List the prime factors of 186246493.
19, 37, 264931
What are the prime factors of 178056812?
2, 113, 393931
What are the prime factors of 56401609?
11, 41, 11369
List the prime factors of 2611227713.
2611227713
What are the prime factors of 681646203?
3, 7, 647, 2389
What are the prime factors of 26756515?
5, 89, 60127
List the prime factors of 56377898.
2, 28188949
What are the prime factors of 129552830?
2, 5, 11, 19, 61987
What are the prime factors of 984564004?
2, 487, 673, 751
What are the prime factors of 871347812?
2, 499, 436547
List the prime factors of 624527750.
2, 5, 7, 11, 32443
What are the prime factors of 3092496947?
23, 53, 733, 3461
What are the prime factors of 13690606?
2, 6845303
List the prime factors of 693023273.
693023273
What are the prime factors of 245953137?
3, 41, 1999619
List the prime factors of 30709813.
30709813
List the prime factors of 1250909022.
2, 3, 11, 18953167
List the prime factors of 48484615.
5, 37, 262079
What are the prime factors of 4988661596?
2, 1247165399
What are the prime factors of 202396573?
23, 8799851
List the prime factors of 147392572.
2, 1033, 35671
What are the prime factors of 37859855?
5, 11, 577, 1193
List the prime factors of 51058669.
51058669
List the prime factors of 756154220.
2, 5, 17, 2223983
What are the prime factors of 684510748?
2, 89, 1922783
List the prime factors of 69662096.
2, 7, 621983
List the prime factors of 22066427.
1399, 15773
What are the prime factors of 812406488?
2, 73, 107, 13001
What are the prime factors of 1343137697?
11, 29, 79, 223, 239
List the prime factors of 901905196.
2, 31, 7273429
What are the prime factors of 37322513?
37322513
List the prime factors of 133832422.
2, 367, 182333
What are the prime factors of 10886531?
10886531
What are the prime factors of 334972316?
2, 7, 2287, 5231
What are the prime factors of 941126130?
2, 3, 5, 7, 197, 7583
What are the prime factors of 42087388?
2, 7, 89, 16889
What are the prime factors of 1134190910?
2, 5, 113419091
List the prime factors of 212969865.
3, 5, 14197991
What are the prime factors of 639890490?
2, 3, 5, 21329683
What are the prime factors of 136586357?
59, 2315023
What are the prime factors of 1586066190?
2, 3, 5, 859, 61547
What are the prime factors of 8948010?
2, 3, 5, 461, 647
What are the prime factors of 5853649?
107, 227, 241
List the prime factors of 7627231859.
13, 586710143
What are the prime factors of 199439593?
199439593
List the prime factors of 108863024.
2, 59, 115321
List the prime factors of 58898600.
2, 5, 317, 929
What are the prime factors of 116910073?
7, 16701439
List the prime factors of 767017746.
2, 3, 11, 43, 90089
What are the prime factors of 60936168?
2, 3, 41, 61927
List the prime factors of 4862239769.
53, 383, 239531
List the prime factors of 957868910.
2, 5, 17, 821, 6863
What are the prime factors of 11266731?
3, 7, 43, 4159
List the prime factors of 765307687.
1439, 531833
List the prime factors of 2112305431.
179, 11800589
What are the prime factors of 74464035?
3, 5, 239, 20771
List the prime factors of 7090131570.
2, 3, 5, 23, 73, 140761
List the prime factors of 404345997.
3, 11, 4084303
List the prime factors of 115982981.
47, 79, 31237
What are the prime factors of 1631566156?
2, 11, 89, 373, 1117
List the prime factors of 99451178.
2, 49725589
List the prime factors of 75265486.
2, 157, 239699
List the prime factors of 243545095.
5, 1117, 43607
List the prime factors of 557650902.
2, 3, 37, 2511941
List the prime factors of 141389871.
3, 7, 6732851
List the prime factors of 63528351.
3, 239, 251, 353
What are the prime factors of 122418971?
4651, 26321
What are the prime factors of 46960005?
3, 5, 3130667
List the prime factors of 272131465.
5, 54426293
What are the prime factors of 604942744?
2, 7, 2251, 4799
What are the prime factors of 960196618?
2, 17, 151, 187027
What are the prime factors of 1041641247?
3, 347213749
What are the prime factors of 824966243?
67, 103, 173, 691
List the prime factors of 202646837.
19, 173, 61651
What are the prime factors of 44415662?
2, 17, 1306343
List the prime factors of 2658861914.
2, 17, 43, 1818647
What are the prime factors of 948233869?
11, 86203079
List the prime factors of 2712363650.
2, 5, 829, 65437
List the prime factors of 107786541.
3, 383, 93809
What are the prime factors of 400839563?
6803, 58921
List the prime factors of 4068429440.
2, 5, 6356921
What are the prime factors of 24637524?
2, 3, 2053127
List the prime factors of 23999287.
13, 1846099
List the prime factors of 201070565.
5, 353, 113921
List the prime factors of 33952212.
2, 3, 7, 134731
List the prime factors of 174421629.
3, 1721, 11261
List the prime factors of 60220772.
2, 191, 78823
List the prime factors of 293988011.
743, 395677
List the prime factors of 1662077767.
7, 237439681
List the prime factors of 197191755.
3, 5, 17, 41, 6287
List the prime factors of 152193847.
13, 2357, 4967
List the prime factors of 68250414.
2, 3, 251, 45319
What are the prime factors of 8309208?
2, 3, 346217
What are the prime factors of 3255185773?
7, 19, 24475081
List the prime factors of 1235323379.
1201, 1028579
List the prime factors of 250785262.
2, 7, 13, 1069, 1289
List the prime factors of 78809533.
11, 31, 239, 967
List the prime factors of 2626304527.
7, 11, 34107851
List the prime factors of 4575701109.
3, 7, 1657, 131497
What are the prime factors of 4973494202?
2, 1709, 1455089
List the prime factors of 266323971.
3, 101, 878957
List the prime factors of 1140236410.
2, 5, 17, 6707273
List the prime factors of 147000205.
5, 11, 2672731
What are the prime factors of 705176704?
2, 617, 8929
List the prime factors of 4639834891.
37, 43, 127, 22963
List the prime factors of 59418924.
2, 3, 499, 9923
What are the prime factors of 615221846?
2, 31, 9922933
List the prime factors of 627060798.
2, 3, 7, 13, 127607
List the prime factors of 2808395056.
2, 175524691
What are the prime factors of 534022736?
2, 13, 2567417
List the prime factors of 84712198.
2, 131, 313, 1033
List the prime factors of 339507794.
2, 257, 660521
List the prime factors of 34954913.
7, 4993559
What are the prime factors of 391235175?
3, 5, 19, 23, 173
List the prime factors of 58002025.
5, 107, 21683
List the prime factors of 194972460.
2, 3, 5, 113, 149, 193
What are the prime factors of 4759586412?
2, 3, 7, 19, 47, 107, 593
List the prime factors of 1637354021.
1637354021
What are the prime factors of 48806870?
2, 5, 7, 257, 2713
What are the prime factors of 107111072?
2, 307, 10903
What are the prime factors of 74353301?
11, 317, 21323
List the prime factors of 5116200.
2, 3, 5, 8527
List the prime factors of 276433026.
2, 3, 127, 499, 727
List the prime factors of 515662235.
5, 11, 43, 337, 647
What are the prime factors of 1204936747?
7, 29, 5935649
List the prime factors of 99858688.
2, 31, 12583
List the prime factors of 643220228.
2, 7, 17, 73, 107, 173
List the prime factors of 8789896720.
2, 5, 11, 9988519
List the prime factors 